+ 273. What is m(-56)?
-7
Let l(m) = -5158*m - 459067. What is l(-89)?
-5
Let s(w) = 197*w - 5131. Calculate s(29).
582
Let m(l) = l**3 + 344*l**2 - 52*l - 17906. Calculate m(-344).
-18
Let y(p) = p**3 - 13*p**2 + 374*p - 4540. Determine y(12).
-196
Let x(g) = -g**3 - 47*g**2 + 42*g - 133. What is x(-48)?
155
Let g(d) = -3618*d - 10715. Give g(-3).
139
Let i(b) = -b**3 + 226*b**2 + 507*b - 11469. Determine i(228).
159
Let u(s) = -s**3 + 27*s**2 - 65*s + 210. Give u(12).
1590
Let t(j) = j**3 + 892*j**2 - 3659*j - 67183. Calculate t(-896).
17
Let m(h) = 2*h**3 - 16*h**2 - 7851*h + 47228. Calculate m(6).
-22
Let d(x) = 2*x**2 - 2164*x + 311568. Give d(911).
6
Let a(g) = -9042*g - 35857. What is a(-4)?
311
Let o(s) = -4*s**3 - 587*s**2 + 10588*s - 1127. What is o(-163)?
14
Let n(f) = 2*f**3 + 300*f**2 + 9200*f - 222. Calculate n(-107).
-8
Let c(o) = -253*o**2 - 705*o - 115. What is c(-6)?
-4993
Let g(m) = -2*m**3 - 10*m**2 + 224*m + 1263. Calculate g(-6).
-9
Let i(c) = c**3 + 37*c**2 - 161*c + 50. Determine i(-41).
-73
Let o(z) = -z**3 - 100*z**2 - 413*z + 913. Determine o(-6).
7
Let b(u) = 743*u + 13403. Calculate b(-18).
29
Let n(x) = -132*x**2 + 735*x + 2128. Give n(-3).
-1265
Let y(s) = 595629*s + 7743182. Give y(-13).
5
Let g(m) = 4*m**2 + 780*m + 20891. Give g(-32).
27
Let z(r) = r**2 - 46651*r + 7484890. Calculate z(161).
0
Let j(h) = 554*h**2 - 22482*h + 12882. What is j(40)?
2
Let n(q) = q**3 - 118*q**2 + 2860*q - 189. Determine n(84).
147
Let u(f) = -2*f**3 + 7*f**2 + 49*f + 26. Determine u(-5).
206
Let v(k) = 6*k**2 + 313*k + 3083. Determine v(-39).
2
Let z(v) = 2*v**3 + v**2 - 490*v - 825. What is z(-15)?
0
Let c(o) = -3759003*o - 3759004. What is c(-1)?
-1
Let i(x) = -x**2 + 293*x + 37333. What is i(-96)?
-11
Let m(h) = -h**2 + 1331*h + 373445. Calculate m(-238).
23
Let b(z) = -z**2 - 6405*z + 108904. Determine b(17).
-270
Let s(o) = 3*o**3 - 69*o**2 - 173*o + 7064. What is s(20)?
4
Let g(u) = -6*u**2 - 697*u - 1519. Give g(-114).
-37
Let u(c) = 4*c**3 + 42*c**2 - 148*c - 1683. Determine u(-10).
-3
Let z(r) = -3*r**2 - 13*r + 502. Give z(11).
-4
Let y(o) = -49749*o - 3432675. Determine y(-69).
6
Let t(s) = -2*s**3 - 790*s**2 - 22028*s - 46735. Give t(-365).
-15
Let w(o) = -3*o**2 - 1081*o + 219823. Determine w(145).
3
Let x(b) = 38*b - 1374. Give x(21).
-576
Let x(y) = -657*y - 47311. Determine x(-75).
1964
Let v(o) = 15513*o - 232700. Calculate v(15).
-5
Let p(q) = -209*q - 3976. What is p(-19)?
-5
Let q(s) = -s**3 + 20*s**2 + 238*s - 260. What is q(1)?
-3
Let u(p) = -19831*p - 198063. Determine u(-10).
247
Let k(p) = -2*p**3 - 90*p**2 - 32*p - 358. What is k(-45)?
1082
Let i(x) = -4076*x + 998648. Give i(245).
28
Let j(o) = 2*o**3 - 37*o**2 + 402*o - 1739. Determine j(7).
-52
Let a(f) = -f**2 - 7378*f - 36869. Calculate a(-5).
-4
Let z(k) = 52839*k - 1690853. What is z(32)?
-5
Let c(k) = -4052*k + 259367. Calculate c(64).
39
Let z(j) = -312*j + 215. What is z(0)?
215
Let m(k) = k**3 + 1217*k**2 - 34860*k - 10. What is m(-1245)?
-10
Let w(k) = -52737*k - 14766356. Give w(-280).
4
Let k(a) = 55*a**2 + 2041*a + 89. What is k(-37)?
-133
Let k(o) = -o**2 + 144*o + 5878. What is k(-36)?
-602
Let p(t) = -10387*t - 1121579. Determine p(-108).
217
Let a(k) = 13*k**2 + 169*k + 165. Give a(-11).
-121
Let r(p) = 3*p**3 - 94*p**2 + 11*p - 1674. Give r(32).
726
Let u(h) = h**3 - 34*h**2 - 1193*h + 40338. Calculate u(36).
-18
Let h(i) = -2*i**2 - 1464*i + 42518. Determine h(-760).
-42
Let r(f) = 739*f + 4028. Determine r(-6).
-406
Let o(j) = 1037081*j - 30075360. What is o(29)?
-11
Let g(v) = v**3 + 5*v**2 - 15699*v + 5751. Calculate g(-128).
-9
Let u(y) = y**2 + 1164*y + 35527. What is u(-32)?
-697
Let i(p) = 1066*p + 99104. Determine i(-93).
-34
Let c(d) = 7547*d + 53639. Calculate c(-7).
810
Let z(l) = 4046*l - 24428. Determine z(6).
-152
Let r(k) = 2962*k - 35511. Determine r(12).
33
Let u(q) = 21*q**3 + 59*q**2 + 73*q + 275. Calculate u(-4).
-417
Let h(p) = 112*p**2 - 108417*p + 1064. What is h(968)?
96
Let i(m) = 6625*m - 53085. Calculate i(8).
-85
Let j(w) = w**3 + 19*w**2 + 99*w + 153. Give j(-4).
-3
Let m(h) = 107855*h - 862814. Give m(8).
26
Let n(f) = -1664*f + 118. Determine n(0).
118
Let g(a) = 2*a**2 - 132*a + 704. Calculate g(5).
94
Let z(l) = 231*l + 5961. Calculate z(-26).
-45
Let f(t) = 10*t**3 - 8*t**2 - 7*t + 21. Give f(1).
16
Let l(g) = -4*g**3 + 260*g**2 + 3*g + 91. Give l(65).
286
Let y(j) = 213*j - 38901. What is y(182)?
-135
Let z(s) = -2*s**3 + 31*s**2 - 12192*s + 145297. Determine z(12).
1
Let v(a) = 611*a - 51943. What is v(85)?
-8
Let n(h) = 3890*h - 186627. Calculate n(48).
93
Let b(d) = -3*d**2 + 136*d + 1939. What is b(57)?
-56
Let r(z) = -z**3 + 246*z**2 + 1135*z - 33859. Determine r(250).
-109
Let i(h) = 6720*h - 315870. Calculate i(47).
-30
Let q(o) = -3*o**2 + 1370*o + 9702. Give q(-7).
-35
Let g(b) = 12*b**2 - 817*b - 147. Give g(0).
-147
Let h(n) = 86*n**2 - 5*n + 42. Determine h(3).
801
Let p(n) = -n**3 - 26*n**2 + 8479*n - 138. Determine p(80).
-218
Let d(z) = 2*z**3 + 127*z**2 + 1610*z + 97449. What is d(-63)?
-12
Let t(k) = -5*k**2 - 1691*k - 85809. Calculate t(-276).
27
Let i(p) = p**3 - 10*p**2 + 47234*p - 283259. Give i(6).
1
Let v(t) = -21*t**2 + 3638*t + 244. Calculate v(173).
1109
Let p(h) = 13*h**2 + 671*h - 307. Determine p(-53).
647
Let x(t) = -5102*t - 10339. Calculate x(-2).
-135
Let s(h) = 539*h - 107460. Give s(200).
340
Let v(z) = 392*z + 83249. Determine v(-212).
145
Let q(i) = 2043*i**2 + 46702*i - 6604. What is q(-23)?
-3
Let u(y) = 6*y**2 - 82*y - 1024. Calculate u(21).
-100
Let b(s) = 3*s**2 + 1259*s - 5035. Determine b(4).
49
Let y(l) = 69*l**2 - 7033*l - 366. Give y(102).
144
Let s(t) = 6*t**3 - 1381*t**2 + 240*t - 2303. Calculate s(230).
-3
Let l(m) = m**3 - 15*m**2 - 46*m - 63. Determine l(16).
-543
Let p(f) = 6773*f**2 + 74613*f + 1205. What is p(-11)?
-5
Let c(r) = 1232201*r + 17250832. Determine c(-14).
18
Let m(g) = 636*g + 5354. What is m(-14)?
-3550
Let v(j) = 3780*j - 325077. Give v(86).
3
Let o(z) = -1179*z - 227377. Determine o(-192).
-1009
Let g(o) = -718*o + 3458. What is g(5)?
-132
Let h(g) = g**2 - 520*g + 40355. What is h(95)?
-20
Let j(p) = -2*p**2 + 99*p - 85. Calculate j(52).
-345
Let o(c) = 14*c**2 - 518*c - 1602. Give o(-3).
78
Let x(r) = r**2 - 1097*r + 261450. What is x(747)?
0
Let n(u) = 4837*u + 120574. Determine n(-25).
-351
Let f(s) = -120*s - 15920. Calculate f(-142).
1120
Let c(y) = 472*y**2 - 5197*y + 3. Determine c(11).
-52
Let b(i) = 3*i**3 - 1316*i**2 + 885*i - 3957. Give b(438).
-15
Let c(v) = 4*v**2 + 436*v - 3208. Calculate c(-115).
-448
Let n(m) = 6*m**2 + 1076*m + 6606. What is n(-173)?
32
Let b(h) = 11*h**2 - 1681*h - 1471. Give b(151).
-4491
Let s(z) = -17*z**2 + 3780*z + 119154. Determine s(-28).
-14
Let o(q) = -1385*q**2 - 69252*q - 67. What is o(-50)?
33
Let g(p) = 2*p**2 + 345*p + 6441. Give g(-22).
-181
Let x(g) = 17*g**2 - 524*g - 1717. Determine x(-3).
8
Let x(d) = 22*d**3 - 134*d**2 + 49*d - 93. Give x(6).
129
Let y(q) = q**3 - 235*q**2 + 2639*q + 8250. Calculate y(223).
-1
Let h(v) = 4*v**3 + 66*v**2 + 328*v + 1410. Determine h(-12).
66
Let b(x) = 1146*x - 114596. Determine b(100).
4
Let f(g) = g**3 + 19*g**2 + 173*g + 2298. Give f(-17).
-65
Let q(l) = 3308*l - 464. Calculate q(0).
-464
Let o(d) = -d**2 + 3*d + 5457. Determine o(-77).
-703
Let a(j) = j**2 + 316*j + 18747. Determine a(-236).
-133
Let n(l) = -12*l**2 + 2001*l + 11969. Calculate n(-6).
-469
Let r(a) = -9366*a + 206062. Determine r(22).
10
Let g(c) = -c**2 + 24078*c - 5059594. Give g(212).
-2
Let p(z) = -z**2 + 2746*z + 228997. What is p(-81)?
10
Let o(v) = -6*v**3 + 358*v**2 + 65*v + 3292. Give o(60).
-8
Let x(b) = 4486*b + 67285. What is x(-15)?
-5
Let p(w) = 439*w**2 - 3497*w + 54. Calculate p(8).
174
Let u(z) = 5848*z - 5145. Calculate u(1).
703
Let m(v) = -v**2 + 310*v + 50550. Determine m(428).
46
Let y(x) = 9*x**2 + 192*x - 3031. Determine y(-32).
41
Let h(f) = -5*f**2 + 2234*f - 182951. What is h(108)?
1
Let j(v) = 3*v**2 + 4543*v + 1687555. Give j(-861).
-5
Let b(a) = -3*a**3 - 176*a**2 - 865*a - 54545. Determine b(-59).
-29
Let g(v) = 50*v**2 - 159*v - 91. Determine g(-5).
1954
Let f(x) = 29330*x + 674592. Give f(-23).
2
Let y(j) = -27269*j - 954278. What is y